+ 82. List the prime factors of w.
2, 19
Suppose -20 = 2*p - 5*k, 3*k - 12 = -4*p - 0*k. Let g = p + -2. What are the prime factors of 1/(g/(-1*12))?
2, 3
Let s(h) = -h**3 - 2*h**2 - h + 1. Let i be s(-2). Suppose i*x = -2*x + 45. List the prime factors of x.
3
Let s(c) = 2*c**3 + 19*c**2 + 15*c - 13. Let t(p) = -3*p**3 - 28*p**2 - 22*p + 20. Let n(l) = -7*s(l) - 5*t(l). List the prime factors of n(-5).
2
Let k(h) = h**3 - 5*h**2 - 11*h + 9. Let z be k(7). Let b = -20 + z. What are the prime factors of b?
2, 5
Suppose 5*r = -0*m + m - 18, 0 = -2*m + 2*r + 4. Let j(y) = -19*y + 3. What are the prime factors of j(m)?
41
Suppose 8 = 5*g + 4*x, -5*g + 2*x + 29 = -x. Let o(a) = -6*a + g*a**2 + 2 + 2*a - 2*a**2. List the prime factors of o(3).
2
Suppose -6*t - 2*d + 7 = -3*t, -3*t + 4 = 5*d. List the prime factors of t.
3
Suppose 224 = 5*j + 3*z - 280, -5*j - 4*z + 507 = 0. List the prime factors of j.
3, 11
Let q = 37 - 1. What are the prime factors of q?
2, 3
Suppose 0 = 2*f - y - 21, -5*y - 40 = -4*f - y. Let n be 1*(0 - -1) + f. List the prime factors of (-6)/4*(-88)/n.
11
Suppose 0 = 5*k + 3*n + 14 + 8, 4*n = 2*k - 12. Let y(m) = -m**2 + 8. Let z be y(0). What are the prime factors of k + (3*z)/3?
2, 3
Let z(f) = -5*f - 5. What are the prime factors of z(-4)?
3, 5
Let h be -1 + 22 + 0 - 0. Suppose j + 2*j = h. What are the prime factors of j?
7
Suppose m + 945 = 6*m - 2*b, -211 = -m - 4*b. What are the prime factors of m?
191
Suppose -43 = -5*w + 67. List the prime factors of w.
2, 11
Let x = -11 - -13. List the prime factors of x/8 + 230/8.
29
Suppose 4*o - 131 = 1. List the prime factors of o.
3, 11
Let q be 4/(16/3)*-668. Let r(x) = -x**3 + 3*x**2 + 2*x + 2. Let l be r(4). What are the prime factors of q/(-33) + l/33?
3, 5
Suppose 0 = -4*d - 4*a - 4, 3*a = 4*d - 9 - 22. Suppose -d*y + 5*y - 6 = 0. List the prime factors of y.
2, 3
Let s(l) = 21*l**2 + 2*l - 5. What are the prime factors of s(2)?
83
Suppose -5 = -5*r + 20. Suppose t = 2*i - 8, -3*i = t - 0*i - 12. Let m = t + r. List the prime factors of m.
5
Suppose 3*v - o - 68 = 0, -4*o + 52 = 3*v + 9. What are the prime factors of v?
3, 7
Let u(p) be the third derivative of 1/24*p**4 + 3*p**2 + 0*p - p**3 + 0. List the prime factors of u(9).
3
Suppose m - 2 = -1, 3*g + 2*m = 56. Let c = -8 + g. List the prime factors of c.
2, 5
Let z = 9 + 3. Suppose -162 = -5*c - z. List the prime factors of c.
2, 3, 5
Let d(n) = n**2 + n + 3. Let y be d(0). Suppose 3*v + 3 + 6 = 3*x, x = -y. List the prime factors of (v/4)/((-6)/32).
2
Let b(m) = 3*m**2 - 4*m + 6. List the prime factors of b(4).
2, 19
Suppose -2*p = j - 8, -j = -0*j + 4*p - 10. List the prime factors of 2/j + (-336)/(-18).
19
Let p be 9/6*20/6. Let n(k) = k**2 - 4*k + 2. List the prime factors of n(p).
7
Suppose 0*h + v = -3*h - 257, -2*v = -h - 95. Let b = -62 - h. List the prime factors of b.
5
Let h(k) = -k - 1. Let d(c) = -c**2 + 5*c + 1. Let m(s) = d(s) - 3*h(s). What are the prime factors of m(7)?
11
Suppose 0 = 4*q - 3*s + 50, -5*q + 0*s + 3*s = 64. Let j = -9 - q. Suppose 0 = -7*h + 2*h - 5, -j*y + h + 51 = 0. What are the prime factors of y?
2, 5
List the prime factors of (2 + (-164)/(-8))*(-36)/(-10).
3
Let l = 51 - 12. Suppose 0*k - 3*k = -l. What are the prime factors of k?
13
Suppose -2*y + 2*o = -6*y + 24, 5*y - 28 = -2*o. Suppose y*z + 5*f - 32 = 0, -3*f + 1 + 8 = -z. What are the prime factors of z?
3
Let u = -12 + -3. What are the prime factors of 3 + u/3 - -21?
19
List the prime factors of 268/6 - 18/27.
2, 11
Suppose 2 - 8 = -3*z. Suppose 4 = z*p - 0*p. What are the prime factors of p?
2
Suppose -2*w + 2*k = 52, -7*w = -2*w - 4*k + 130. Suppose 2*x + 38 = -40. Let t = w - x. What are the prime factors of t?
13
Let q(r) = 3*r**2 + 14*r + 11. Let m(p) = -2*p**2 - 7*p - 5. Let x(z) = -5*m(z) - 3*q(z). What are the prime factors of x(9)?
2, 5
Let g(s) = 4*s. Let d be 2/(-4) + (-9)/(-6). Let c be g(d). Suppose -c*m + 12 = 0, -y + 4*y + 2*m - 15 = 0. List the prime factors of y.
3
Let f(o) = -o**2 + 11*o - 10. Let r be f(10). Suppose 4*z = -m - 7, 5*m + r*z - 25 = -5*z. List the prime factors of m.
3
Suppose 5*p - 60 = 3*p. What are the prime factors of p?
2, 3, 5
Let h(m) = -m**2 - 11*m - 6. Let q be h(-10). Suppose 0 = -t - q, -5*n - 2*t = -n. Suppose 0 = n*i + 3*i - 50. List the prime factors of i.
2, 5
Let s = 365 + -6. List the prime factors of s.
359
Suppose 4 = 7*x - 38. Let t(s) be the third derivative of s**5/60 - 7*s**4/24 + 4*s**3/3 + s**2. What are the prime factors of t(x)?
2
Let v(i) = i**2 + 7*i + 6. Let q be v(-6). Let m be 2 - (-24 - (q + 1)). Let s = m - 18. List the prime factors of s.
3
Suppose -600 = -4*w + 4*p, 5*w = p + 288 + 450. List the prime factors of w.
3, 7
Let x(n) = n**3 - 5*n**2 - 14*n + 2. What are the prime factors of x(7)?
2
Let y(l) = 4*l - 4. Let g be y(2). Let v(w) = -2*w - 7. Let t be v(-5). Suppose 2*r = g, 4*a - t*a + 5*r - 12 = 0. What are the prime factors of a?
2
Let w(d) = -d**3 + 7*d**2 - 4. Let o be w(7). Let i(j) = -20*j + 5. Let t be i(o). Suppose -2*b = 3*b - t. List the prime factors of b.
17
Let a = 440 - 287. List the prime factors of a.
3, 17
Let v = -111 + 117. What are the prime factors of v?
2, 3
Suppose t - 6 = -3. Suppose 0*n + 2*n = 0. Let i = t - n. List the prime factors of i.
3
Let x(l) = 2*l**2 - 2*l - 5. Let h be x(-4). Let d be ((-4)/(-5))/(14/h). Suppose 0 = -2*k + z - d*z + 9, 2*k - 2*z = 12. List the prime factors of k.
5
Suppose -2*k + 2 = -k. Suppose 4 = k*c - 0. Suppose c*q - 5*m - 31 = 0, -3 + 30 = 4*q - 3*m. What are the prime factors of q?
3
Let t(c) = 5*c**2 + c. Let f = 1 - 0. Suppose -4 = -5*j + f. What are the prime factors of t(j)?
2, 3
Let v(a) = 4*a**2. Let q be 6/(-4)*12/18. List the prime factors of v(q).
2
Let h = -2 + 4. Let k(v) = 5*v**2 - v - 4*v**2 + 2*v**h - 1. What are the prime factors of k(-1)?
3
Let n(p) = -13*p - 1. Let k(l) = 7*l + 1. Let c = 12 + -7. Let x(w) = c*k(w) + 3*n(w). What are the prime factors of x(-2)?
2, 5
List the prime factors of (246/(-24))/(1/(-4)).
41
Let s(t) = -t**2 + 17*t - 16. What are the prime factors of s(13)?
2, 3
What are the prime factors of 538/10 + (-8)/(-40)?
2, 3
Suppose -2*g = -5*g + 231. What are the prime factors of g?
7, 11
Suppose 3 = 4*g - 1. Let t(s) = 12*s**3 - s**2 + 2*s - 1. List the prime factors of t(g).
2, 3
Suppose -6*m + 2*m + 18 = c, -5 = -m. Let r = c - -14. What are the prime factors of r?
2, 3
Suppose 0 = 4*w - 4*c - 36, -3*c = w + 2 - 3. List the prime factors of 5*w + 3/(-1).
2
Let o = 61 + -16. What are the prime factors of o?
3, 5
Suppose j = 4*w - 120, -5*w + 150 = -4*j - j. Suppose -4*l - 18 - w = 0. List the prime factors of l*(33/(-12) - -2).
3
What are the prime factors of -1 + -2 - 1/((-4)/188)?
2, 11
Let o = -12 + 22. What are the prime factors of o/(-15)*105/(-2)?
5, 7
Suppose -k - 3*k = -12. Suppose -10 = -k*h - 2*h. Suppose -h*u - 44 = -4*b, 5*b - 42 = -2*u - 2*u. What are the prime factors of b?
2, 5
Suppose -3*p - 11 = -l - 3*l, 0 = -2*p + 5*l - 19. Suppose 33 = 3*c - p*i, 3*i = -0 + 12. List the prime factors of c.
3, 5
Suppose 0 = 2*s + 3*v + 24, 5*s - 4*v - v + 10 = 0. Let g = s + 14. List the prime factors of g.
2
Let j(w) = w**3 + 8*w**2 - 10*w + 13. Let k be j(-9). Let x(p) = -7*p**2 + 0*p + p + k*p**2 - 1. List the prime factors of x(1).
3, 5
Suppose 3*f + 3*r + 24 = 0, -2*f - 2*f - 5*r = 37. Let h = f - 3. What are the prime factors of (-70)/h + 1/3?
2, 3
Let k(z) = 2*z + 1. Let o be k(-2). Let j be (1/2)/(o/(-36)). Let a = j - 1. List the prime factors of a.
5
What are the prime factors of (-16 + 2)/(1*-1)?
2, 7
Suppose 6*u - 2*g + 12 = 3*u, u + g = -9. Let p be (-9)/15 - u/10. Suppose 5*l - 4*z - 46 = p, -5*l - 4*z + 0 = -54. List the prime factors of l.
2, 5
Let g(q) be the first derivative of q**4/4 + q**2/2 + 2*q - 1. Let m be g(0). Let c(b) = -b**3 + 5*b**2 - 2*b - 2. What are the prime factors of c(m)?
2, 3
Suppose g = -4*s + 171, -1 = -3*g - 4. Suppose s = 5*m - 32. What are the prime factors of m?
3, 5
Suppose 0 = 4*s - 3*b - 33, -2*s + 31 = s + 4*b. Let k = 15 - s. List the prime factors of k.
2, 3
Suppose -k + 80 = -x, k - 76 = 5*x - 0. List the prime factors of k.
3
Let c be 3*33/36*4. Let o = c - 7. Suppose -3*l + 49 = o. List the prime